 is divided by r(q).
5
Let p(a) = -5*a + 6*a - 16 + 147 + 101. Let v be p(0). Suppose 3*j = 4*u + 199, -3*u + 0*u = 4*j - v. What is the remainder when j is divided by 21?
19
Let k be (-110)/(-8) + (-8)/(-32). Suppose -n + k = 4*g, 3*g + 0*g - 1 = 4*n. Calculate the remainder when 5 is divided by g.
2
Let o = 184 + -60. Suppose -o = -4*p - 2*w, p + 2*w = -3*w + 40. What is the remainder when p is divided by 8?
6
Let g = 42 - 25. Let b = 11 + 104. Suppose b = 5*f - 130. Calculate the remainder when f is divided by g.
15
Let i = 42 - 14. Let x(p) = p - 2 + 4*p**2 - 5*p**2 - 9*p. Calculate the remainder when i is divided by x(-6).
8
Let g(a) be the second derivative of -a**3/6 + 7*a**2/2 + 2*a. Calculate the remainder when 5 is divided by g(5).
1
Suppose -10 = -4*s + 14. What is the remainder when 23 is divided by s?
5
Suppose -4*t = -2*t - 28. Let c = 85 + -44. Calculate the remainder when c is divided by t.
13
Suppose -4*m - 185 + 47 = -2*u, 3*u = -4*m + 227. Calculate the remainder when u is divided by 13.
8
Suppose 3*x - 45 = 2*x. Let t = x + -28. What is the remainder when t is divided by 9?
8
Suppose -17*r + 23*r - 48 = 0. Calculate the remainder when r is divided by 8.
0
Suppose -2*t - p + 31 = -0*t, 68 = 4*t + 4*p. Calculate the remainder when t is divided by 3.
2
Let l = -13 - -52. What is the remainder when l is divided by 1*2 - (-18)/1?
19
Suppose 3*b + 11 - 65 = 0. Let c = 32 - b. What is the remainder when 408/10 - (-1)/5 is divided by c?
13
Let s = 26 - 20. What is the remainder when 21 is divided by s?
3
Suppose 3*q = 17 + 142. Calculate the remainder when q is divided by 20.
13
Let t(b) = 12*b**2 + b + 1. Calculate the remainder when 47 is divided by t(-1).
11
Suppose 1 = -a, -37 = -2*q - a + 30. What is the remainder when q is divided by 9?
7
What is the remainder when (-8040)/(-450) + 4/30 is divided by (-2)/3*(-15 + 0)?
8
Let g be 2/(-5) + 66/15. Suppose g*k + 27 = 103. Calculate the remainder when k is divided by 7.
5
Let m(a) = 13*a**3 + 4*a**2 - 29*a - 3. Let l(g) = 3*g**3 + g**2 - 7*g - 1. Let o(t) = -9*l(t) + 2*m(t). What is the remainder when 22 is divided by o(-3)?
4
Let g = 21 - 30. Let l(w) = -3*w - 9. What is the remainder when 53 is divided by l(g)?
17
Let f(c) = c**3 - 3*c**2 - 4*c + 2. Calculate the remainder when 6 is divided by f(4).
0
Let o(m) = m**2 - 9*m + 12. Let b = 3 + -1. Calculate the remainder when o(8) is divided by b.
0
Let g be (-238)/(-18) + (-6)/27. Suppose g = a + 5. Suppose -r + 12 + 11 = 0. What is the remainder when r is divided by a?
7
Let a be (-18)/27 + 242/(-6). Let c = -28 - a. Calculate the remainder when c is divided by 7.
6
Let a(u) = -u**2 - 5*u + 53. What is the remainder when a(0) is divided by 27?
26
Let v(s) = -6*s - 2. Suppose 2*a - 14 = 4*n, 2*n - n - 2*a + 8 = 0. What is the remainder when v(n) is divided by 6?
4
Let i = 9 - 4. Suppose 0*h = 3*u - i*h - 9, -u - 4*h = -3. Calculate the remainder when 3 is divided by u.
0
Let p be (-80)/45 + (-2)/9. Let b = 2 - p. Suppose 3*s - 5 - 1 = 0. What is the remainder when b is divided by s?
0
Suppose -5*z + 70 = -0*z. What is the remainder when 68 is divided by z?
12
Suppose -2*g + 294 = -3*b, -5*g - 721 = -10*g + 4*b. What is the remainder when g is divided by 18?
15
Suppose 0 = 3*y - 5*s - 274, -5*s = -5*y + 3*y + 191. What is the remainder when y is divided by 14?
13
Let t(k) = 71*k**3 + k**2 - 1. Calculate the remainder when t(1) is divided by 12.
11
Let t = 143 + -61. Suppose -2*s - 2 = -t. What is the remainder when s is divided by 14?
12
Let s(y) = -13*y + 2. Calculate the remainder when 73 is divided by s(-1).
13
Suppose -4*t - 40 = -q, -4*q + 100 = 4*t - 5*t. What is the remainder when 68 is divided by q?
20
Let d(s) = -24*s - 8. Let x be d(-9). Let f = x + -336. What is the remainder when 34 is divided by 10/(-35) + f/(-7)?
16
Let n(d) = 3*d**3 - 3*d**2 + d - 2. What is the remainder when 70 is divided by n(2)?
10
Let q(y) = y + 1. Calculate the remainder when 5 is divided by q(3).
1
Let a = -14 - -24. Suppose 74 = 3*h - h. What is the remainder when h is divided by a?
7
Calculate the remainder when (-230)/(-8) + (-12)/(-48) is divided by 10.
9
Suppose -2*g = -62 - 20. Suppose -3*v = -8*v + 55. Calculate the remainder when g is divided by v.
8
Suppose 0 - 1 = -m. Calculate the remainder when (-2 - 0 - m) + 46 is divided by 15.
13
Let y(d) = -4*d**3 - d**2 + d + 1. Let j be y(-1). Suppose 4*v - 164 = -j*h, 2*h + 5 - 51 = -v. Calculate the remainder when v is divided by 13.
12
Let r(a) = -2*a - 2. Let p be r(-3). Suppose 2*w = p*s - 94 + 2, -3*s + 83 = 2*w. Calculate the remainder when s is divided by 7.
4
Suppose -3*i = 3*h - 27, -h - 5*i = 3*h - 40. Suppose 5*d - h*m = 140, -102 = -3*d - m - 2*m. Let k = 85 + -77. What is the remainder when d is divided by k?
7
Let u(p) = -14*p - 4. Let h(w) = 15*w + 5. Let s = 17 + -11. Let v(z) = s*u(z) + 5*h(z). Calculate the remainder when v(-3) is divided by 10.
8
Let o be (9/2)/(2/8). Let u be (-14)/o + (-8)/36. Calculate the remainder when 32 is divided by 1*-17*(-2 - u).
15
Let u(m) = -3*m - 9. Calculate the remainder when (-21*8/(-6) - 2) + 0 is divided by u(-6).
8
Let a(v) = -v**3 - 6*v**2 - v - 6. What is the remainder when a(-7) is divided by 17?
16
Let t(u) = -4 + 3 + 0 + 19*u + 6*u. Let g(a) = a + 4. Let v be g(-3). What is the remainder when t(v) is divided by 13?
11
Let v(u) = -u**2 + 7*u + 2. Suppose 0 = l + 3, 0 = -2*d - d + 3*l + 24. Let g be v(d). Let i = g - 6. What is the remainder when 11 is divided by i?
5
Let y(i) = -i**3 - 4*i**2 - 2*i + 3. Let r be y(-3). Suppose n - 2 + 1 = r. What is the remainder when 29 is divided by -1 - 0/n - -16?
14
Let b = 1 - 6. Calculate the remainder when 27 is divided by (b - -11) + 1/1.
6
Calculate the remainder when 124 is divided by (55/10 - 1)*2.
7
Suppose 2*f + 93 = 5*f. Let h be (4/6)/((-3)/(-198)). Let t = h - f. Calculate the remainder when 24 is divided by t.
11
Suppose s - 4 = -s, 5*g - 2*s = 21. Calculate the remainder when (-21)/4*12*(-2)/9 is divided by g.
4
Let c(z) = 5*z - 4. Let w be c(-3). Let u = 29 + w. What is the remainder when 19 is divided by u?
9
Suppose 0 = -3*u - 1 + 37. What is the remainder when (-1320)/(-39) + (-2)/(-13) is divided by u?
10
Let c = 132 - 74. Calculate the remainder when 231 is divided by c.
57
Let z(i) = i**3 + 7*i**2 + 9*i + 2. Suppose -2*a = j - 11, a = -2*a + 2*j + 34. What is the remainder when z(-4) is divided by a?
6
Suppose 10*i - 767 = -3*i. Calculate the remainder when 293 is divided by i.
57
Suppose -2*l + z - 6*z = 15, 5*l = z + 30. Let d be 2/(l + -1)*0. What is the remainder when 28 is divided by d - (2 - 12) - 0?
8
Let a = -13 - -20. Let k(d) = -d - 1. Calculate the remainder when a is divided by k(-6).
2
Let v be ((-4)/(-3))/((-2)/(-3)). Let z(x) = 6*x + 1. What is the remainder when ((-10)/(-5))/((-4)/(-102)) is divided by z(v)?
12
Let m(y) = -y**2 - 13*y + 9. What is the remainder when 80 is divided by m(-12)?
17
Suppose -4*l - 13 = -5*z, 0*z - z + 3*l = -7. Let i = 31 + z. Calculate the remainder when i is divided by 17.
15
Let b = -14 - -10. Suppose 2*z + 5*k + 3 = 7, 0 = 3*z - 3*k + 15. What is the remainder when 1 is divided by b/2*z/6?
0
Suppose t + 2*t - 102 = 0. Let x = 50 - t. What is the remainder when 31 is divided by x?
15
Let c(o) = 3*o**2 - 11*o + 19. Calculate the remainder when (-10)/(-35) + (-304)/(-14) is divided by c(2).
4
Calculate the remainder when 29 is divided by 1*(-4 - 3*(-66)/9).
11
Let a(j) = 2*j - 24. Calculate the remainder when 23 is divided by a(15).
5
Calculate the remainder when 4 - 0 - 7 - -50 is divided by 12.
11
Let w = -13 + 27. Suppose 2*d - 21 - 1 = 0. Suppose -d = 5*p - 51. What is the remainder when w is divided by p?
6
Let h = -8 - -17. Let t = -3 + 8. What is the remainder when (15/3)/(1/t) is divided by h?
7
What is the remainder when (-1)/(-5) + ((-11136)/(-15))/8 is divided by 246/15 - 4/10?
13
Let k(o) = 2*o + 2. Let t be k(5). Suppose 3*r = -t + 48. What is the remainder when ((-21)/6)/(-1)*10 is divided by r?
11
Let m(r) = -8*r - 5. Let l be m(4). Let d = -23 - l. Calculate the remainder when d is divided by ((-1)/(-2) + -1)*-10.
4
Suppose -5*k + 0 = -2*c - 1, -2 = -2*k. Suppose -5*f - 2*z - 22 + 82 = 0, -c*f - 5*z = -3. What